{"id":2,"date":"2019-08-26T08:36:54","date_gmt":"2019-08-26T08:36:54","guid":{"rendered":"https:\/\/dis.ijs.si\/mezinew\/?page_id=2"},"modified":"2025-11-28T11:49:02","modified_gmt":"2025-11-28T11:49:02","slug":"sample-page","status":"publish","type":"page","link":"https:\/\/dis.ijs.si\/mezi\/","title":{"rendered":""},"content":{"rendered":"<div class=\"wp-block-image\">\n<figure class=\"alignleft is-resized\"><img loading=\"lazy\" decoding=\"async\" width=\"320\" height=\"385\" src=\"https:\/\/dis.ijs.si\/mezinew\/wp-content\/uploads\/2019\/08\/mezimala-1.jpg\" alt=\"mezi\" class=\"wp-image-51\" style=\"width:221px;height:266px\" srcset=\"https:\/\/dis.ijs.si\/mezi\/wp-content\/uploads\/2019\/08\/mezimala-1.jpg 320w, https:\/\/dis.ijs.si\/mezi\/wp-content\/uploads\/2019\/08\/mezimala-1-249x300.jpg 249w, https:\/\/dis.ijs.si\/mezi\/wp-content\/uploads\/2019\/08\/mezimala-1-200x241.jpg 200w\" sizes=\"auto, (max-width: 320px) 100vw, 320px\" \/><\/figure><\/div>\n\n\n<p><strong>Personal Data:<\/strong><br><strong>Phone:<\/strong> (+386)(1) 4773 644<br><strong>Fax:<\/strong> (+386)(1) 477 3131<br><strong>E-mail:<\/strong>\u00a0<a href=\"mailto:matjaz.gams@ijs.si\">matjaz.gams@ijs.si<\/a><br><strong>Address:<\/strong>\u00a0<a href=\"http:\/\/www.ijs.si\/ijs.html\">Jozef Stefan Institute<\/a>,\u00a0<a href=\"http:\/\/dis.ijs.si\/\">Department of Intelligent Systems<\/a>, Jamova 39, 1000\u00a0<a href=\"http:\/\/www.ijs.si\/slo-ljubljana.html\">Ljubljana<\/a>, Slovenia, Europe<br>Wikipedia: <a href=\"https:\/\/en.wikipedia.org\/wiki\/Matja%C5%BE_Gams\">https:\/\/en.wikipedia.org\/wiki\/Matja%C5%BE_Gams<\/a><\/p>\n\n\n\n<p><\/p>\n\n\n\n<hr class=\"wp-block-separator has-css-opacity\"\/>\n\n\n\n<p><a href=\"https:\/\/www.informatica.si\/index.php\/informatica\/article\/view\/8149\/4102\">The Oath of Researchers<\/a> \u2013 what is science in the time of fake news?<br>Scientists must fight for science and prevent its faking and distortion.<\/p>\n\n\n\n<p>Recent events in the Slovenian Parliament: <br><a href=\"https:\/\/www.youtube.com\/watch?v=TZmt8bei4Ik\">How to prevent the extinction of Slovenian<\/a> and small EU nations II (2025, <a href=\"https:\/\/www.ds-rs.si\/sl\/novice\/posvet-kako-prepreciti-izumiranje-slovenskega-naroda-ii\">in Slovene<\/a>)<br><a href=\"https:\/\/www.youtube.com\/watch?v=YPSLS2Tu-Hs\">Slovenian farms are saving the environment,<\/a> not destroying it (2025, <a href=\"https:\/\/www.dlib.si\/details\/URN:NBN:SI:DOC-SY3V0ME3\">book<\/a>)<br><br><a href=\"http:\/\/videolectures.net\/kolokviji_gams_turing\/\">Alan Turing (in Slovene)<\/a>,\u00a0<a href=\"http:\/\/www.inlife-project.eu\/\">InLife H2020 project<\/a>,\u00a0<a href=\"https:\/\/www.youtube.com\/watch?v=0j-71oEXQ6U&amp;t=84s\">InLife movie<\/a>,\u00a0<a href=\"https:\/\/www.youtube.com\/watch?v=bokP2_x-Q3s&amp;t=0s\">InLife movie (in Slovene)<\/a>,\u00a0<a href=\"http:\/\/ura.ijs.si\/?page_id=37&amp;lang=en_US\/\">InLife (in Slovene)<\/a>,\u00a0<a href=\"https:\/\/www.youtube.com\/watch?v=1euk8G3pEoM\">Confidence FP7<\/a><\/p>\n\n\n\n<p>Several victories in worldwide competitions: <a href=\"https:\/\/dis.ijs.si\/?p=436\">xPrize for Covid 2021 (second prize 250.000)<\/a>;&nbsp;<a href=\"https:\/\/dis.ijs.si\/mezi\/Huawei%202018.jpg\">Sussex-Huawei 2018 picture<\/a>,&nbsp;<a href=\"https:\/\/dis.ijs.si\/Mezi\/SHL.pptx\">PPT in Slovene<\/a>;&nbsp;<a href=\"http:\/\/dis.ijs.si\/?p=1320\">victory EvAAL 2013 (in Slovene)<\/a><\/p>\n\n\n\n<p>Solved several hard logical questions, e.g.&nbsp;<a href=\"http:\/\/www.informatica.si\/index.php\/informatica\/article\/view\/697\">the hanging paradox<\/a>,&nbsp;<a href=\"http:\/\/www.informatica.si\/index.php\/informatica\/article\/view\/1215\">the Pinnochio paradox<\/a><br><br>Studying issues at the level of human, Eeuropean and Slovenian civilisation:&nbsp;<a href=\"https:\/\/www.youtube.com\/watch?v=bN-TaqZ_v_c&amp;t=1488s\">Longivity of human civilisation<\/a>,&nbsp;<a href=\"https:\/\/dis.ijs.si\/Mezi\/OZN.jpg\">Stop autonomous weapons &#8211; UN<\/a>,&nbsp;<a href=\"https:\/\/www.youtube.com\/watch?v=A4rai9zoNg0\">Demography &#8211; the major issue<\/a>&nbsp;(in Slovene)<\/p>\n\n\n\n<p><a href=\"http:\/\/library.ijs.si\/Stacks\/Literature\/Bela%20knjiga%20znanost%20o%20okolju%202020.pdf\">White book ecology<\/a> (in Slovene)<\/p>\n\n\n\n<p><a href=\"https:\/\/www.dlib.si\/stream\/URN:NBN:SI:DOC-SKHTVGAS\/d491910a-7a01-4dcf-9ce5-6f27867a6832\/PDF\">White book demography<\/a>&nbsp;(in Slovene)<\/p>\n\n\n\n<p>Second trilogy book &#8220;6th extinction, Slovenian demographical problems&#8221; &#8211; &#8220;Slovence izumirajo&#8221; (knjiga &#8211; in Slovene),&nbsp;<a href=\"http:\/\/dis.ijs.si\/Mezi\/Izumirajo%20naslovnica.pdf\">cover page<\/a>,&nbsp;<a href=\"http:\/\/dis.ijs.si\/Mezi\/SlovenceIzumirajo.pdf\">whole book<\/a><br>First trilogy book &#8220;Slovenian myths&#8221; &#8211; &#8220;Slovence strizejo&#8221; (knjiga &#8211; in Slovene),&nbsp;<a href=\"http:\/\/dis.ijs.si\/Mezi\/booka4.pdf\">cover page<\/a>,&nbsp;<a href=\"http:\/\/dis.ijs.si\/Mezi\/Slovence%20Strizejo.pdf\">whole book<\/a>,&nbsp;<a href=\"http:\/\/www.tromba.si\/prof-dr-matjaz-gams-slovence-strizejo\/\">video,&nbsp;<\/a><a href=\"http:\/\/4d.rtvslo.si\/arhiv\/intervju-tv\/174332609\">1h intervju)<\/a><\/p>\n\n\n\n<p><a href=\"https:\/\/dis.ijs.si\/ds\/\">Poro\u010dila iz Drzavnega sveta- blog \/ Reports from the National Council of the Republic of Slovenia<\/a>; v 3. poskusu s <a href=\"https:\/\/dis.ijs.si\/ds\/index.php\/2020\/11\/19\/43-cepljenje-v-3-poskusu-nova-zakonodaja\/\">posvetom<\/a> izpeljali novo zakonodajo o cepljenju<\/p>\n\n\n\n<p>Z veseljem predstavim vabljeno predavanje, \u010de imate konferenco ali sestanek dru\u0161tva (pogoj 20 slu\u0161alcev).<\/p>\n\n\n\n<hr class=\"wp-block-separator has-css-opacity\"\/>\n","protected":false},"excerpt":{"rendered":"<p>Personal Data:Phone: (+386)(1) 4773 644Fax: (+386)(1) 477 3131E-mail:\u00a0matjaz.gams@ijs.siAddress:\u00a0Jozef Stefan Institute,\u00a0Department of Intelligent Systems, Jamova 39, 1000\u00a0Ljubljana, Slovenia, EuropeWikipedia: https:\/\/en.wikipedia.org\/wiki\/Matja%C5%BE_Gams The Oath of Researchers \u2013 what is science in the time of fake news?Scientists must fight for science and prevent its faking and distortion. Recent events in the Slovenian Parliament: How<\/p>\n","protected":false},"author":1,"featured_media":0,"parent":0,"menu_order":0,"comment_status":"closed","ping_status":"open","template":"","meta":{"footnotes":""},"class_list":["post-2","page","type-page","status-publish","hentry","post-box"],"_links":{"self":[{"href":"https:\/\/dis.ijs.si\/mezi\/index.php\/wp-json\/wp\/v2\/pages\/2","targetHints":{"allow":["GET"]}}],"collection":[{"href":"https:\/\/dis.ijs.si\/mezi\/index.php\/wp-json\/wp\/v2\/pages"}],"about":[{"href":"https:\/\/dis.ijs.si\/mezi\/index.php\/wp-json\/wp\/v2\/types\/page"}],"author":[{"embeddable":true,"href":"https:\/\/dis.ijs.si\/mezi\/index.php\/wp-json\/wp\/v2\/users\/1"}],"replies":[{"embeddable":true,"href":"https:\/\/dis.ijs.si\/mezi\/index.php\/wp-json\/wp\/v2\/comments?post=2"}],"version-history":[{"count":33,"href":"https:\/\/dis.ijs.si\/mezi\/index.php\/wp-json\/wp\/v2\/pages\/2\/revisions"}],"predecessor-version":[{"id":251,"href":"https:\/\/dis.ijs.si\/mezi\/index.php\/wp-json\/wp\/v2\/pages\/2\/revisions\/251"}],"wp:attachment":[{"href":"https:\/\/dis.ijs.si\/mezi\/index.php\/wp-json\/wp\/v2\/media?parent=2"}],"curies":[{"name":"wp","href":"https:\/\/api.w.org\/{rel}","templated":true}]}}